{"id":445,"date":"2025-05-02T12:17:19","date_gmt":"2025-05-02T10:17:19","guid":{"rendered":"https:\/\/finn-fand-tina.de\/?page_id=445"},"modified":"2025-05-02T12:46:02","modified_gmt":"2025-05-02T10:46:02","slug":"teilnahmezusage","status":"publish","type":"page","link":"https:\/\/finn-fand-tina.de\/?page_id=445","title":{"rendered":"Teilnahmezusage"},"content":{"rendered":"\t\t<div data-elementor-type=\"wp-page\" data-elementor-id=\"445\" class=\"elementor elementor-445\" data-elementor-post-type=\"page\">\n\t\t\t\t<div class=\"elementor-element elementor-element-9e93132 e-flex e-con-boxed e-con e-parent\" data-id=\"9e93132\" data-element_type=\"container\">\n\t\t\t\t\t<div class=\"e-con-inner\">\n\t\t\t\t<div class=\"elementor-element elementor-element-3545fce elementor-widget elementor-widget-text-editor\" data-id=\"3545fce\" data-element_type=\"widget\" data-widget_type=\"text-editor.default\">\n\t\t\t\t<div class=\"elementor-widget-container\">\n\t\t\t\t\t\t\t\t\t<p>Liebe Teilnehmende!<\/p><p>Wir bitten euch um eure Antwort, ob ihr zu unserer Hochzeit kommen werdet! \ud83d\ude42<\/p><p><strong>RSVP bis: 01.08.2025<\/strong><\/p><p>Das Antwortformular ist nat\u00fcrlich nur f\u00fcr G\u00e4ste mit g\u00fcltigem G\u00e4stezugang sichtbar und erscheint nach eurem Login unter diesem Text!<\/p><p>Liebe Gr\u00fc\u00dfe!<\/p><p>P.S.: Sollte euch etwas dazwischen gekommen sein oder sich anderweitig \u00c4nderungen ergeben, schreibt uns gerne auf den euch bekannten Kan\u00e4len oder f\u00fcllt das Formular neu aus.<\/p>\t\t\t\t\t\t\t\t<\/div>\n\t\t\t\t<\/div>\n\t\t\t\t\t<\/div>\n\t\t\t\t<\/div>\n\t\t\t\t<\/div>\n\t\t","protected":false},"excerpt":{"rendered":"<p>Liebe Teilnehmende! Wir bitten euch um eure Antwort, ob ihr zu unserer Hochzeit kommen werdet! \ud83d\ude42 RSVP bis: 01.08.2025 Das Antwortformular ist nat\u00fcrlich nur f\u00fcr G\u00e4ste mit g\u00fcltigem G\u00e4stezugang sichtbar und erscheint nach eurem Login unter diesem Text! Liebe Gr\u00fc\u00dfe! P.S.: Sollte euch etwas dazwischen gekommen sein oder sich anderweitig \u00c4nderungen ergeben, schreibt uns gerne [&hellip;]<\/p>\n","protected":false},"author":1,"featured_media":0,"parent":0,"menu_order":0,"comment_status":"closed","ping_status":"closed","template":"","meta":{"footnotes":""},"class_list":["post-445","page","type-page","status-publish","hentry"],"jetpack_sharing_enabled":true,"_links":{"self":[{"href":"https:\/\/finn-fand-tina.de\/index.php?rest_route=\/wp\/v2\/pages\/445","targetHints":{"allow":["GET"]}}],"collection":[{"href":"https:\/\/finn-fand-tina.de\/index.php?rest_route=\/wp\/v2\/pages"}],"about":[{"href":"https:\/\/finn-fand-tina.de\/index.php?rest_route=\/wp\/v2\/types\/page"}],"author":[{"embeddable":true,"href":"https:\/\/finn-fand-tina.de\/index.php?rest_route=\/wp\/v2\/users\/1"}],"replies":[{"embeddable":true,"href":"https:\/\/finn-fand-tina.de\/index.php?rest_route=%2Fwp%2Fv2%2Fcomments&post=445"}],"version-history":[{"count":22,"href":"https:\/\/finn-fand-tina.de\/index.php?rest_route=\/wp\/v2\/pages\/445\/revisions"}],"predecessor-version":[{"id":468,"href":"https:\/\/finn-fand-tina.de\/index.php?rest_route=\/wp\/v2\/pages\/445\/revisions\/468"}],"wp:attachment":[{"href":"https:\/\/finn-fand-tina.de\/index.php?rest_route=%2Fwp%2Fv2%2Fmedia&parent=445"}],"curies":[{"name":"wp","href":"https:\/\/api.w.org\/{rel}","templated":true}]}}