{"id":86,"date":"2024-12-30T11:24:02","date_gmt":"2024-12-30T10:24:02","guid":{"rendered":"https:\/\/finn-fand-tina.de\/?page_id=86"},"modified":"2024-12-30T14:05:03","modified_gmt":"2024-12-30T13:05:03","slug":"warum-in-fuerstenberg-heiraten","status":"publish","type":"page","link":"https:\/\/finn-fand-tina.de\/?page_id=86","title":{"rendered":"Warum in F\u00fcrstenberg heiraten?"},"content":{"rendered":"\n<p>Gut 100 km n\u00f6rdlich von Berlin, mitten in der Uckermark, fast schon in Mecklenburg-Vorpommern, liegt F\u00fcrstenberg\/Havel.<\/p>\n\n\n\n<p>Hier befindet sich das Haus, in dem Finns Gro\u00dfvater aufwuchs und seinen Lebensabend verbrachte. Mehrere Generationen Thiemes verbrachten und verbringen hier Ferien, Feiertage und nun heiraten wir auf diesem Grundst\u00fcck.<\/p>\n\n\n\n<p>Unser erster Kurzurlaub (eine Woche Corona-Quarant\u00e4ne) f\u00fchrte hierher, viele Besuche folgten. F\u00fcr Finn ist es ein Ort mit vielen Erinnerungen, f\u00fcr uns beide ein Ort der Ruhe und der Freiheit.<\/p>\n\n\n\n<p>F\u00fcr unsere freie Trauung k\u00f6nnen wir uns keinen sch\u00f6neren Platz vorstellen und freuen uns, euch dieses \u00d6rtchen zeigen zu k\u00f6nnen.<\/p>\n","protected":false},"excerpt":{"rendered":"<p>Gut 100 km n\u00f6rdlich von Berlin, mitten in der Uckermark, fast schon in Mecklenburg-Vorpommern, liegt F\u00fcrstenberg\/Havel. Hier befindet sich das Haus, in dem Finns Gro\u00dfvater aufwuchs und seinen Lebensabend verbrachte. Mehrere Generationen Thiemes verbrachten und verbringen hier Ferien, Feiertage und nun heiraten wir auf diesem Grundst\u00fcck. Unser erster Kurzurlaub (eine Woche Corona-Quarant\u00e4ne) f\u00fchrte hierher, viele [&hellip;]<\/p>\n","protected":false},"author":1,"featured_media":197,"parent":0,"menu_order":0,"comment_status":"closed","ping_status":"closed","template":"","meta":{"footnotes":""},"class_list":["post-86","page","type-page","status-publish","has-post-thumbnail","hentry"],"jetpack_sharing_enabled":true,"_links":{"self":[{"href":"https:\/\/finn-fand-tina.de\/index.php?rest_route=\/wp\/v2\/pages\/86","targetHints":{"allow":["GET"]}}],"collection":[{"href":"https:\/\/finn-fand-tina.de\/index.php?rest_route=\/wp\/v2\/pages"}],"about":[{"href":"https:\/\/finn-fand-tina.de\/index.php?rest_route=\/wp\/v2\/types\/page"}],"author":[{"embeddable":true,"href":"https:\/\/finn-fand-tina.de\/index.php?rest_route=\/wp\/v2\/users\/1"}],"replies":[{"embeddable":true,"href":"https:\/\/finn-fand-tina.de\/index.php?rest_route=%2Fwp%2Fv2%2Fcomments&post=86"}],"version-history":[{"count":7,"href":"https:\/\/finn-fand-tina.de\/index.php?rest_route=\/wp\/v2\/pages\/86\/revisions"}],"predecessor-version":[{"id":213,"href":"https:\/\/finn-fand-tina.de\/index.php?rest_route=\/wp\/v2\/pages\/86\/revisions\/213"}],"wp:featuredmedia":[{"embeddable":true,"href":"https:\/\/finn-fand-tina.de\/index.php?rest_route=\/wp\/v2\/media\/197"}],"wp:attachment":[{"href":"https:\/\/finn-fand-tina.de\/index.php?rest_route=%2Fwp%2Fv2%2Fmedia&parent=86"}],"curies":[{"name":"wp","href":"https:\/\/api.w.org\/{rel}","templated":true}]}}